{"id":123,"date":"2015-08-06T16:11:43","date_gmt":"2015-08-06T14:11:43","guid":{"rendered":"http:\/\/osmutaa.splet.arnes.si\/?page_id=123"},"modified":"2026-04-15T12:49:14","modified_gmt":"2026-04-15T10:49:14","slug":"jedilnik","status":"publish","type":"page","link":"https:\/\/osmuta.si\/?page_id=123","title":{"rendered":"Jedilnik"},"content":{"rendered":"<p>&nbsp;<\/p>\r\n<p>&nbsp;<\/p>\r\n<ul>\r\n<li><span style=\"color: #0000ff\"><span style=\"text-decoration: underline\"><a style=\"color: #0000ff\" href=\"https:\/\/osmuta.si\/files\/2026\/04\/jedilnik-os-ospp.pdf\" target=\"_blank\" rel=\"noopener noreferrer\">Jedilnik za mesec april 2026<\/a><\/span><\/span><\/li>\r\n<li><span style=\"color: #0000ff\"><span style=\"text-decoration: underline\"><a style=\"color: #0000ff\" href=\"http:\/\/osmutaa.splet.arnes.si\/files\/2015\/08\/obvestilo_alergeni0001.pdf\" target=\"_blank\" rel=\"noopener noreferrer\">Ozna\u010devanje alergenov v \u017eivilih<\/a><\/span><\/span><\/li>\r\n<li><span style=\"color: #0000ff\"><span style=\"text-decoration: underline\"><a style=\"color: #0000ff\" href=\"https:\/\/osmuta.si\/files\/2025\/09\/SMERNICE-ZA-PREHRANO.pdf\" target=\"_blank\" rel=\"noopener noreferrer\">SMERNICE ZA PREHRANO<\/a><\/span><\/span><\/li>\r\n<li style=\"text-align: left\"><a href=\"http:\/\/osmutaa.splet.arnes.si\/files\/2020\/09\/pravila-o-\u0161olski-prehrani-.pdf\" target=\"_blank\" rel=\"noopener noreferrer\"><span style=\"color: #0000ff\"><span style=\"text-decoration: underline\">PRAVILA O \u0160OLSKI PREHRANI OSNOVNE \u0160OLE MUTA<\/span><\/span><\/a><\/li>\r\n<li style=\"text-align: left\"><span style=\"color: #0000ff\"><a style=\"color: #0000ff\" href=\"http:\/\/osmutaa.splet.arnes.si\/files\/2015\/08\/8240_potrdilo-o-medicinsko-indicirani-dieti-za-otroka.pdf\" target=\"_blank\" rel=\"noopener noreferrer\"><span style=\"text-decoration: underline\">POTRDILO O MEDICINSKO INDICIRANI DIETl ZA OTROKA<\/span><\/a><\/span><\/li>\r\n<li><a href=\"https:\/\/mojamalica.osmuta.si:444\/\" target=\"_blank\" rel=\"noopener\"><span style=\"color: #0000ff\"><u>Povezava do aplikacije za spletno odjavo\/prijavo prehrane<\/u><\/span><\/a><\/li>\r\n<\/ul>\r\n","protected":false},"excerpt":{"rendered":"<p>&nbsp; &nbsp; Jedilnik za mesec april 2026 Ozna\u010devanje alergenov v \u017eivilih SMERNICE ZA PREHRANO PRAVILA O \u0160OLSKI PREHRANI OSNOVNE \u0160OLE MUTA POTRDILO O MEDICINSKO INDICIRANI DIETl ZA OTROKA Povezava do aplikacije za spletno odjavo\/prijavo prehrane<\/p>\n","protected":false},"author":5469,"featured_media":0,"parent":275,"menu_order":0,"comment_status":"closed","ping_status":"closed","template":"","meta":{"_et_pb_use_builder":"","_et_pb_old_content":"","_et_gb_content_width":"","ngg_post_thumbnail":0,"footnotes":""},"class_list":["post-123","page","type-page","status-publish","hentry"],"_links":{"self":[{"href":"https:\/\/osmuta.si\/index.php?rest_route=\/wp\/v2\/pages\/123","targetHints":{"allow":["GET"]}}],"collection":[{"href":"https:\/\/osmuta.si\/index.php?rest_route=\/wp\/v2\/pages"}],"about":[{"href":"https:\/\/osmuta.si\/index.php?rest_route=\/wp\/v2\/types\/page"}],"author":[{"embeddable":true,"href":"https:\/\/osmuta.si\/index.php?rest_route=\/wp\/v2\/users\/5469"}],"replies":[{"embeddable":true,"href":"https:\/\/osmuta.si\/index.php?rest_route=%2Fwp%2Fv2%2Fcomments&post=123"}],"version-history":[{"count":18,"href":"https:\/\/osmuta.si\/index.php?rest_route=\/wp\/v2\/pages\/123\/revisions"}],"predecessor-version":[{"id":20673,"href":"https:\/\/osmuta.si\/index.php?rest_route=\/wp\/v2\/pages\/123\/revisions\/20673"}],"up":[{"embeddable":true,"href":"https:\/\/osmuta.si\/index.php?rest_route=\/wp\/v2\/pages\/275"}],"wp:attachment":[{"href":"https:\/\/osmuta.si\/index.php?rest_route=%2Fwp%2Fv2%2Fmedia&parent=123"}],"curies":[{"name":"wp","href":"https:\/\/api.w.org\/{rel}","templated":true}]}}