{"id":96,"date":"2015-08-06T15:36:09","date_gmt":"2015-08-06T13:36:09","guid":{"rendered":"http:\/\/osmutaa.splet.arnes.si\/?page_id=96"},"modified":"2022-09-02T11:30:41","modified_gmt":"2022-09-02T09:30:41","slug":"varnost-na-spletu","status":"publish","type":"page","link":"https:\/\/osmuta.si\/?page_id=96","title":{"rendered":"Varnost na spletu"},"content":{"rendered":"<div class=\"art-postcontent clearfix\">\n<div class=\"art-article\">\n<div class=\"art-postcontent clearfix\">\n<div class=\"art-article\">\n<div class=\"leading\">\n<p><span style=\"color: #000000\">TUKAJ JE NEKAJ NASVETOV, KI SE JIH JE DOBRO DR\u017dATI, KADAR UPORABLJA\u0160 INTERNET ALI MOBILNIK: DOMA, V \u0160OLI IN PRI PRIJATELJIH.<\/span><\/p>\n<p><span style=\"color: #000000\"><strong>1. VEDNO UPORABLJAJ VZDEVEK, KO KLEPETA\u0160 NA INTERNETU!<\/strong><\/span><br \/>\n<span style=\"color: #000000\"> <strong> 2. NE SRE\u010cUJ SE Z NEZNANCI S SPLETA (TUDI \u010cE SE TI ZDIJO V VIRTUALNEM SVETU TVOJI PRIJATELJI)!<\/strong><\/span><br \/>\n<span style=\"color: #000000\"> <strong> 3. GESLA SO SKRIVNOST! POGOSTO JIH SPREMINJAJ.<\/strong><\/span><br \/>\n<span style=\"color: #000000\"> <strong> 4. SPO\u0160TUJ SPLETNO ETIKO OZ. BONTON! \u010cESAR NE \u017dELI\u0160, DA DRUGI STORIJO TEBI, TUDI TI NE NAREDI DRUGIM. <\/strong><\/span><br \/>\n<span style=\"color: #000000\"> <strong> 5. NADLEGOVANJE PREK NETA ALI MOBILCA JE NEDOPUSTNO! STAR\u0160EM POVEJ, \u010cE TE KDO NADLEGUJE PREK SPLETA ALI \u010cE NALETI\u0160 NA NEPRIMERNO VSEBINO! <\/strong><\/span><br \/>\n<span style=\"color: #000000\"> <strong> 6. NE ODPIRAJ PO\u0160TE IN PRIPONK OD NEZNANCEV! <\/strong><\/span><br \/>\n<span style=\"color: #000000\"> <strong> 7. UPORABLJAJ ANTIVIRUSNI PROGRAM IN PO\u017dARNI ZID, KO BRSKA\u0160 PO SPLETU.<\/strong><\/span><br \/>\n<span style=\"color: #000000\"> <strong> 8. NA SPLETU NE IZDAJAJ SVOJIH OSEBNIH PODATKOV, NITI PODATKOV SVOJIH STAR\u0160EV! NE OBJAVLJAJ SVOJIH ZASEBNIH FOTOGRAFIJ, NITI FOTOGRAFIJ SVOJIH PRIJATELJEV!<\/strong><\/span><br \/>\n<span style=\"color: #000000\"> <strong> 9. Z UPORABO INTERNETA NE PRETIRAVAJ!<\/strong><\/span><br \/>\n<span style=\"color: #000000\"> <strong> 10. Z INTERNETA NE PREPISUJ, VEDNO NAVEDI VIR IN AVTORJA. PREVERI TUDI DRUGE VIRE (KNJIGE &#8230;) IN NE VERJEMI, DA JE VSE, KAR PI\u0160E NA INTERNETU, TUDI RES.<\/strong> (vir: <span style=\"text-decoration: underline\"><span style=\"color: #0000ff\"><a style=\"color: #0000ff;text-decoration: underline\" href=\"http:\/\/www.safe.si\/\">http:\/\/www.safe.si\/<\/a><\/span><\/span>)<\/span><\/p>\n<p><span style=\"color: #000000\">VE\u010c SI LAHKO PREBERE\u0160 NA SPLETNI STRANI <span style=\"text-decoration: underline\"><span style=\"color: #0000ff\"><a style=\"color: #0000ff;text-decoration: underline\" href=\"http:\/\/www.safe.si\/\" target=\"_blank\" rel=\"noopener\">SAFE.SI<\/a><\/span><\/span>.<\/span><\/p>\n<\/div>\n<\/div>\n<\/div>\n<\/div>\n<\/div>\n","protected":false},"excerpt":{"rendered":"<p>TUKAJ JE NEKAJ NASVETOV, KI SE JIH JE DOBRO DR\u017dATI, KADAR UPORABLJA\u0160 INTERNET ALI MOBILNIK: DOMA, V \u0160OLI IN PRI PRIJATELJIH. 1. VEDNO UPORABLJAJ VZDEVEK, KO KLEPETA\u0160 NA INTERNETU! 2. NE SRE\u010cUJ SE Z NEZNANCI S SPLETA (TUDI \u010cE SE TI ZDIJO V VIRTUALNEM SVETU TVOJI PRIJATELJI)! 3. GESLA SO SKRIVNOST! POGOSTO JIH SPREMINJAJ. 4. [&hellip;]<\/p>\n","protected":false},"author":5469,"featured_media":0,"parent":269,"menu_order":0,"comment_status":"closed","ping_status":"closed","template":"","meta":{"_et_pb_use_builder":"","_et_pb_old_content":"","_et_gb_content_width":"","ngg_post_thumbnail":0,"footnotes":""},"class_list":["post-96","page","type-page","status-publish","hentry"],"_links":{"self":[{"href":"https:\/\/osmuta.si\/index.php?rest_route=\/wp\/v2\/pages\/96","targetHints":{"allow":["GET"]}}],"collection":[{"href":"https:\/\/osmuta.si\/index.php?rest_route=\/wp\/v2\/pages"}],"about":[{"href":"https:\/\/osmuta.si\/index.php?rest_route=\/wp\/v2\/types\/page"}],"author":[{"embeddable":true,"href":"https:\/\/osmuta.si\/index.php?rest_route=\/wp\/v2\/users\/5469"}],"replies":[{"embeddable":true,"href":"https:\/\/osmuta.si\/index.php?rest_route=%2Fwp%2Fv2%2Fcomments&post=96"}],"version-history":[{"count":5,"href":"https:\/\/osmuta.si\/index.php?rest_route=\/wp\/v2\/pages\/96\/revisions"}],"predecessor-version":[{"id":13311,"href":"https:\/\/osmuta.si\/index.php?rest_route=\/wp\/v2\/pages\/96\/revisions\/13311"}],"up":[{"embeddable":true,"href":"https:\/\/osmuta.si\/index.php?rest_route=\/wp\/v2\/pages\/269"}],"wp:attachment":[{"href":"https:\/\/osmuta.si\/index.php?rest_route=%2Fwp%2Fv2%2Fmedia&parent=96"}],"curies":[{"name":"wp","href":"https:\/\/api.w.org\/{rel}","templated":true}]}}